Is 38912 a multiple of 128?
True
Is 29 a factor of 41566048?
True
Is 2001634 a multiple of 9?
False
Is 199 a factor of 122426?
False
Does 13 divide 215758?
False
Is 49 a factor of 3973557?
True
Does 1417 divide 13172432?
True
Does 7 divide 61530?
True
Is 12 a factor of 16380?
True
Is 1407535 a multiple of 1252?
False
Does 113 divide 6300993?
True
Is 288552 a multiple of 24?
True
Does 20 divide 109428?
False
Does 195 divide 970905?
True
Does 269 divide 19415?
False
Is 157440 a multiple of 160?
True
Does 53 divide 4282135?
True
Is 14 a factor of 30604?
True
Is 307 a factor of 1964257?
False
Does 16 divide 645792?
True
Is 9 a factor of 3486699?
True
Is 1197 a factor of 21168945?
True
Does 11 divide 90497?
True
Is 126 a factor of 185346?
True
Is 8693064 a multiple of 81?
False
Is 149280 a multiple of 10?
True
Does 33 divide 326850?
False
Is 315 a factor of 529200?
True
Is 3702957 a multiple of 867?
True
Is 159 a factor of 18331428?
True
Is 14195 a multiple of 2?
False
Is 12 a factor of 85284?
True
Is 101 a factor of 2920453?
False
Does 281 divide 4192640?
False
Does 14 divide 129083?
False
Is 556392 a multiple of 717?
True
Is 16 a factor of 9481038?
False
Is 43 a factor of 48074?
True
Is 15 a factor of 395031?
False
Does 414 divide 287934?
False
Does 80 divide 371163?
False
Does 299 divide 3207672?
True
Is 6365653 a multiple of 97?
False
Does 3 divide 62639?
False
Is 6174573 a multiple of 13?
False
Is 82 a factor of 4806875?
False
Is 9883497 a multiple of 983?
False
Is 84 a factor of 11828376?
True
Is 8 a factor of 51712?
True
Is 522 a factor of 4182928?
False
Does 457 divide 13105813?
False
Is 60281 a multiple of 10?
False
Is 45556 a multiple of 28?
True
Is 80860 a multiple of 6?
False
Is 4 a factor of 4922018?
False
Is 2 a factor of 76884?
True
Does 91 divide 315325?
False
Is 8 a factor of 621432?
True
Is 48678 a multiple of 14?
True
Does 92 divide 20325598?
False
Is 69 a factor of 557658?
True
Is 172 a factor of 76238?
False
Is 558 a factor of 187481?
False
Is 494662 a multiple of 272?
False
Is 132840 a multiple of 18?
True
Is 17 a factor of 1516349?
True
Is 86 a factor of 866880?
True
Is 1578900 a multiple of 1108?
True
Is 239095 a multiple of 148?
False
Is 22 a factor of 10832580?
True
Is 12 a factor of 109101?
False
Is 392 a factor of 804384?
True
Is 1362344 a multiple of 41?
False
Does 194 divide 557362?
True
Is 126024 a multiple of 354?
True
Is 4 a factor of 207130?
False
Does 2 divide 104160?
True
Is 476688 a multiple of 10?
False
Is 19000 a multiple of 50?
True
Is 8265012 a multiple of 553?
False
Is 86 a factor of 15397108?
False
Is 439 a factor of 4088846?
True
Does 11 divide 3452820?
False
Is 583614 a multiple of 18?
True
Is 835216 a multiple of 15?
False
Is 148 a factor of 893897?
False
Is 117 a factor of 15647112?
True
Does 299 divide 17394?
False
Does 7 divide 482036?
False
Does 27 divide 636984?
True
Does 342 divide 9156024?
True
Does 18 divide 487332?
True
Is 18 a factor of 91854?
True
Does 423 divide 186120?
True
Does 116 divide 73776?
True
Is 5291940 a multiple of 1533?
False
Is 223 a factor of 100996?
False
Is 5276040 a multiple of 70?
True
Is 62 a factor of 594084?
True
Is 41 a factor of 3616241?
True
Is 6637848 a multiple of 14?
True
Is 31 a factor of 141968?
False
Is 9809944 a multiple of 8?
True
Is 697078 a multiple of 71?
True
Does 2 divide 50190?
True
Is 209 a factor of 875930?
False
Is 171 a factor of 72236?
False
Is 35695 a multiple of 98?
False
Does 18 divide 73224?
True
Is 5 a factor of 10109725?
True
Is 450412 a multiple of 20?
False
Is 69 a factor of 429960?
False
Is 3 a factor of 1025907?
True
Is 312 a factor of 391872?
True
Is 146528 a multiple of 5?
False
Is 110 a factor of 244860?
True
Does 23 divide 246790?
True
Is 2173115 a multiple of 145?
True
Is 14195088 a multiple of 432?
True
Does 14 divide 4698303?
False
Is 138096 a multiple of 63?
True
Is 444776 a multiple of 8?
True
Is 81966 a multiple of 169?
False
Is 32 a factor of 103520?
True
Is 51 a factor of 270138?
False
Is 1278 a factor of 8740242?
True
Does 180 divide 34020?
True
Is 557590 a multiple of 32?
False
Does 134 divide 1520766?
True
Does 202 divide 825372?
True
Is 389058 a multiple of 217?
False
Is 37 a factor of 691493?
True
Is 4738419 a multiple of 249?
False
Is 78565 a multiple of 19?
True
Does 718 divide 425774?
True
Is 35 a factor of 21058?
False
Is 57228 a multiple of 6?
True
Is 675101 a multiple of 7?
True
Does 3 divide 51781?
False
Does 39 divide 1681524?
True
Is 13 a factor of 261027?
True
Is 1011 a factor of 3921669?
True
Is 87446 even?
True
Is 13 a factor of 827502?
True
Is 18 a factor of 274716?
True
Does 69 divide 177591?
False
Does 259 divide 9878891?
False
Is 46 a factor of 862749?
False
Does 229 divide 84092?
False
Is 22 a factor of 373847?
False
Is 236070 a multiple of 13?
False
Is 10 a factor of 531210?
True
Does 732 divide 1291980?
True
Is 21 a factor of 1859634?
True
Is 889900 a multiple of 20?
True
Is 323749 a multiple of 386?
False
Is 292 a factor of 34062?
False
Is 213979 a multiple of 243?
False
Is 34200 a multiple of 90?
True
Is 6 a factor of 355746?
True
Does 25 divide 2125?
True
Does 57 divide 338922?
True
Does 4 divide 58519?
False
Is 32 a factor of 6847872?
True
Is 40 a factor of 77342?
False
Is 1467 a factor of 2551595?
False
Does 137 divide 382778?
True
Is 145 a factor of 29290?
True
Is 1420 a factor of 15577930?
False
Does 9 divide 3416?
False
Is 4014494 a multiple of 1048?
False
Is 265471 a multiple of 2?
False
Is 27 a factor of 1311579?
True
Is 84 a factor of 923018?
False
Is 6039705 a multiple of 4?
False
Is 3884879 a multiple of 1409?
False
Is 1372613 a multiple of 362?
False
Does 14 divide 153292?
False
Does 11 divide 2342271?
False
Does 37 divide 106153?
True
Does 14 divide 80052?
True
Is 13368 a multiple of 24?
True
Is 1882457 a multiple of 53?
False
Is 23070 a multiple of 181?
False
Is 17503461 a multiple of 78?
False
Is 598 a factor of 15085?
False
Does 19 divide 1349256?
False
Is 1302 a factor of 5001214?
False
Is 144 a factor of 2420782?
False
Is 50 a factor of 239265?
False
Is 51 a factor of 344964?
True
Is 84 a factor of 283416?
True
Is 73008 a multiple of 26?
True
Is 11 a factor of 5434?
True
Is 645 a factor of 154155?
True
Does 11 divide 3139596?
False
Is 10 a factor of 478260?
True
Does 862 divide 1762041?
False
Is 144 a factor of 275527?
False
Is 18 a factor of 13610916?
True
Does 17 divide 1519364?
False
Does 10 divide 1341673?
False
Is 2326959 a multiple of 156?
False
Is 650174 a multiple of 317?
False
Does 21 divide 2323382?
False
Does 913 divide 14989634?
True
Does 331 divide 60242?
True
Does 13 divide 212616?
False
Does 209 divide 469138?
False
Does 246 divide 1079168?
False
Is 2392 a multiple of 13?
True
Does 97 divide 163828?
False
Is 779450 a multiple of 17?
True
Is 6 a factor of 33876?
True
Is 13588 a multiple of 241?
False
Does 349 divide 140212?
False
Is 142 a factor of 10270823?
False
Is 43834 a multiple of 8?
False
Is 283 a factor of 7605908?
True
Is 5 a factor of 107499?
False
Is 2768425 a multiple of 338?
False
Is 148 a factor of 388056?
True
Is 106372 a multiple of 29?
True
Does 12 divide 167448?
True
Is 596963 a multiple of 16?
False
Is 7 a factor of 39668?
False
Does 35 divide 38035?
False
Is 168439 a multiple of 74?
False
Does 10 divide 30892?
False
Is 12 a factor of 292344?
True
Does 94 divide 235724?
False
Is 686630 a multiple of 1190?
True
Is 675 a factor of 361549?
False
Is 326 a factor of 124206?
True
Is 74812 a multiple of 118?
True
Is 10 a factor of 7796825?
False
Is 34 a factor of 76419?
False
Is 742200 a multiple of 60?
True
Does 496 divide 3017438?
False
Is 211180 a multiple of 6?
False
Does 141 divide 143033?
False
Does 643 divide 8046656?
False
Is 1823107 a multiple of 19?
True
Is 66300 a multiple of 5?
True
Is 995257 a multiple of 1328?
False
Is 68 a factor of 210726?
False
Is 6 a factor of 120442?
False
Is 33 a factor of 267366?
True
Is 63874 a multiple of 109?
True
Is 670755 a multiple of 97?
True
Is 292 a factor of 107456?
True
Is 26 a factor of 677820?
True
Does 144 divide 1456992?
True
Is 79 a factor of 53404?
True
Is 3 a factor of 315284?
False
Is 407 a factor of 271468?
False
Does 11 divide 824561?
False
Does 98 divide 2386398?
True
Is 88192 a multiple of 208